+ d. Is s prime?
False
Let b(x) be the first derivative of x**5/10 + 5*x**4/24 + 5*x**2/2 - 14. Let a(d) be the second derivative of b(d). Is a(-7) a prime number?
False
Let v(p) = -2*p**2 - 94*p + 29. Let r be (3 + (-159)/15)/(2/10). Is v(r) a composite number?
True
Suppose -7*q = -5*q - 35*q + 1154109. Is q composite?
True
Let x be (-2)/(-17) - (-664)/136. Suppose 4*k - 5546 = -2*d, 0*d + 5*d = -x*k + 6940. Is k a prime number?
False
Suppose -k + 54609 = 5*l - l, -3*l = -4*k + 218474. Is k a prime number?
True
Let x(m) = -11*m**3 - 12*m**2 + 22*m + 38. Let r be x(-13). Is (1/(-5)*r)/((-41)/205) a prime number?
False
Let v(y) = -y**3 + 2*y**2 + 5*y + 2. Let f be v(4). Is 316284/15 + 6/f composite?
True
Suppose 5*r + 11*j - 666187 = 14*j, -2*r - 3*j = -266500. Is r a composite number?
False
Let r = 44 + -41. Suppose -r*c - 5*c - 36560 = 0. Is 3*c/(-6) - -2 a prime number?
True
Suppose 27*z - 2*z = -100. Is (-10361*z/8)/((-1)/(-2)) a prime number?
False
Suppose -2*r = 2*f - 3 - 3, 2*r = 0. Suppose -3*y + f = 7*q - 3*q, -3*y + q + 3 = 0. Is y/1 - (-9597)/21 a prime number?
False
Let n = 8781 - 15992. Let x = n + 20244. Is x a prime number?
True
Let f = -60175 + 99726. Is f a prime number?
True
Let n be 17829 + ((-5)/(-1) - (-2 + 9)). Let p = n - 12428. Is p prime?
True
Let w(s) = -12*s**2 + 6*s - 1. Let l be w(-3). Let u = l + 129. Suppose 5*r + 2732 = 5*o - 33, -u*o + 5*r = -1112. Is o a prime number?
False
Let n(x) = 6*x + 10. Let w be n(-10). Let a = -46 - w. Suppose -4*q = -q - a*t - 1749, 0 = -4*q - 2*t + 2354. Is q composite?
False
Let w = -86 + 86. Suppose -5*l + 6*l = w. Suppose -3*u + h + 660 = -302, l = -4*u - 4*h + 1256. Is u a prime number?
False
Is 2/4 + (-17)/((-1496)/7733660) composite?
True
Let n = 58200 - 18649. Is n a composite number?
False
Let m = -10 - -12. Suppose 3*i + 0 - 2 = 4*d, m*i + 2*d - 20 = 0. Is (7460/i)/((-12)/(-18)) prime?
False
Let b(g) = -7 - 179*g + 128*g - 236*g + 9. Let z be b(-3). Is z - 11 - (0 - -1) composite?
True
Let z(l) = 789*l**2 + 387*l - 157. Is z(-32) prime?
False
Suppose -m - s - 132918 + 416830 = 0, -3*m + 4*s = -851715. Is m a composite number?
False
Suppose 26*k + 1061831 = -36*k + 6850833. Is k composite?
False
Let w = 3536 - 2487. Is w prime?
True
Let w be 13520/14 - (-5 + (-33)/(-7)). Suppose -w = -25*p + 4*p. Is ((-47)/(-2))/(1/p) a prime number?
False
Let s(i) be the second derivative of -i**4/12 + 4*i**3/3 - 6*i**2 + 17*i. Let j be s(5). Suppose j*l + 5*m = 4089, 0 = -0*m - 2*m. Is l composite?
True
Suppose -9269*v = -9302*v + 3881361. Is v a composite number?
False
Let d(y) = 11*y**2 + 15*y**2 - 3*y + 1986 + 10*y - 2017. Is d(9) composite?
True
Let k(n) be the third derivative of -3*n**6/40 - n**5/4 + n**4/3 + 5*n**3/2 - 11*n**2 + 7*n. Is k(-8) prime?
False
Suppose 164279 = 13*r - 349182. Is r a composite number?
True
Is (1/9)/(238/407539062) a composite number?
False
Is 42538788/(-42)*(-42)/48*4/3 prime?
True
Let a = 9941 + -6342. Is a a composite number?
True
Let q be (1 - (-4)/(-1))/(3/(-40)). Let c(h) = h + q - 195*h**3 - 4*h - 43. Is c(-2) composite?
True
Suppose 3*x = -23 + 35. Suppose 0 = -x*r - r + 75. Is 5661/r + (-6)/15 prime?
False
Suppose -c + 2*f + 57 = 16, 3*f + 219 = 5*c. Suppose -161 = c*j - 38*j. Let r = j - -588. Is r a prime number?
False
Let r(u) = 58136*u**2 - 16*u - 7. Is r(3) composite?
False
Let a be ((-34)/10 + 1)/(24/1260). Let v = -124 - a. Suppose v*k - 3*c = 2*c + 5041, 5*k + c = 12670. Is k a prime number?
False
Let m(a) = a**3 + a**2 - 1. Let f(x) = 7*x**3 - 9*x**2 - 9. Let q(y) = -f(y) + 6*m(y). Let p be q(15). Let o(k) = 30*k + 7. Is o(p) prime?
True
Let m = -230 - -335. Let f = 254 - m. Is f composite?
False
Suppose -2*j + 4205 = m - 6*j, -3*m - j + 12589 = 0. Suppose 3*r - 5*c - m = 0, 15*r + 3*c - 5596 = 11*r. Is r a composite number?
False
Suppose 5*g - 4*g = 201. Suppose 0*s + 5*z + 127 = 3*s, -5*s + 3*z = -g. Is (247/s)/(1/69) composite?
True
Let p(y) = y**3 + 12*y**2 + 9*y + 24. Let v be p(-10). Let l = 62 - v. Let f = l + 257. Is f prime?
False
Is (-321)/1498 + (-867191)/(-14) composite?
True
Let w be ((-6)/4)/((-6)/(-300)). Let d = -5064 + 3443. Is d/(-3) - 50/w composite?
False
Suppose 529*f - 537*f + 71707 = -245949. Is f composite?
True
Let v = 171318 - -36301. Is v a composite number?
False
Suppose 3*q = -3 + 87. Suppose -24*o - 8 = -q*o. Suppose -f + 2631 = o*f. Is f a composite number?
False
Let z(t) = t**2 - 14. Let k be z(-4). Suppose -2*i + g + 29184 = 0, 0*g = k*i + 5*g - 29172. Is i a composite number?
False
Let y(c) = 3*c - 5. Let r(s) = 3*s - 5. Let d(k) = -3*r(k) + 2*y(k). Let t = 306 - 313. Is d(t) composite?
True
Suppose -z + x - 5*x + 13 = 0, -2*x - 16 = -2*z. Suppose 0 = z*k - 15*k + 1572. Is k a prime number?
False
Let i(m) = -2*m + 5. Let r be i(4). Is 11834/r*(15/10 + -3) a prime number?
False
Let b be (-3 - -2)*2 + 5. Suppose -g + 2*m = -b, -g - 2*g + 36 = 3*m. Is 1564/153 + (-2)/g prime?
False
Suppose -13*y - 90 = -2*m - 15*y, 40 = m + 2*y. Is (4/10)/(m/537875) prime?
False
Let q(x) be the third derivative of 7*x**5/60 - x**4/8 - x**3/6 + x**2. Suppose -4*b - 3 = -27. Is q(b) prime?
True
Suppose -25*l = -22*l - 12. Suppose 2*d - 9329 = -3*t, -7*d = -5*d + l*t - 9330. Is d a prime number?
True
Let a = 6054 + 268. Let l = a + -3948. Is l a composite number?
True
Let s = -8 + 53. Let t = s + -54. Let i(b) = -13*b + 10. Is i(t) a composite number?
False
Suppose 107*o - 101*o = -29202. Let t = 8154 + o. Is t a prime number?
False
Let c be (51/(-2))/((-16818)/4200 - -4). Let l = c - 8552. Let k = 3753 + l. Is k a prime number?
True
Let t = -66373 + 144018. Suppose -5*m - 17575 = -t. Is m a composite number?
True
Let p(z) = -4*z**2 - 31*z + 20. Let g be p(-8). Suppose -5360 = -4*i - g*i. Is i a prime number?
False
Let m(q) = 9355*q - 8. Let c = -137 + 138. Is m(c) composite?
True
Let h(n) = -14*n**3 + 6*n**2 + 7*n - 19*n**2 - 7*n + 21 + 19*n. Is h(-10) prime?
False
Suppose 36*r - 32*r = 0. Suppose -48*x = -4*g - 47*x + 35375, 4*g - 5*x - 35387 = r. Is g prime?
False
Let k(b) = b**3 + 11*b**2 - 14*b + 10. Let x(o) = -5*o - 23. Let w be x(-12). Suppose -4*d - 2*p = 11 + 29, 5*d - 4*p + w = 0. Is k(d) prime?
False
Let n = -31 + 44. Let d(v) = 105*v - 46. Is d(n) composite?
False
Suppose 5*o - y - 1601 = 106823, 5 = 5*y. Is o a composite number?
True
Suppose -d + 394 + 467 = 0. Suppose -q - 437 = d. Let r = -901 - q. Is r a prime number?
True
Let h be (3 - 2)*116 - 3. Let a = 678 - h. Is a a prime number?
False
Suppose 0 = 4*z - 3*v - 6159, 2*z + 4*v - 6124 = -2*z. Let o = -698 + z. Is o a prime number?
False
Suppose v - 4*l = -2*v - 14, -2*v - 21 = -5*l. Suppose 3*j + v*j - 1176 = -4*w, 5*w - 1511 = 4*j. Is w prime?
False
Suppose a - 527*n = -532*n + 69170, 5*n = 25. Is a a composite number?
True
Let f(q) = 1959*q - 637. Is f(20) a composite number?
False
Suppose -85371*w + 85386*w - 3674085 = 0. Is w prime?
True
Suppose -151*b + 45665523 = -54838418 + 13385548. Is b prime?
True
Suppose 54 = -5*n + 4*n. Let j = n + 76. Suppose -j*u + 8661 = -19*u. Is u a prime number?
True
Suppose 0 = -3*l + 3*a + 1178253, 3*a + 304834 - 1875894 = -4*l. Is l a prime number?
True
Suppose 4*l - 2*y + 58248 = 240174, 45498 = l + 5*y. Is l composite?
True
Let k(t) = 74744*t**2 - 399*t + 12. Is k(3) a composite number?
True
Suppose -11*l - 679 = -10*l. Let p be l - (-4)/8*6. Let i = p + 1309. Is i composite?
True
Let y(a) = a**2 + 3*a - 4. Let k be y(2). Let v be ((-12)/(-8) + -1)*-8. Is ((-290)/v)/(k/12) a prime number?
False
Suppose -2*p + 6 = 0, -3*b - 8*p = -3*p - 119802. Is b a prime number?
True
Let b(p) = 4*p**2 + 0*p**3 - 1 - 7*p**2 + 14*p + 3*p**3 - 6*p**2. Let o be b(12). Suppose 2*d = -m + 1635, 5*d - 10*d + o = -4*m. Is d a prime number?
False
Is ((-4190)/(-20))/((-8)/(-9008)) a composite number?
True
Suppose 0 = -0*l - l - 1, -5*y - 11 = l. Let z(h) = 862*h**2 - 23*h - 3. Is z(y) prime?
True
Let k(h) = 76*h + 337271. Is k(0) composite?
True
Suppose 2*q - 276 = -252. Suppose 13*n = q*n + 4969. Is n composite?
False
Let s = 131675 - 25326. Is s a prime number?
True
Suppose 3*a + 4*c + 3 = 0, c - 1 = a + 4*c. Let j be (-2)/3*((-9)/(-2))/a. Suppose j*b - 7851 + 1692 = 0. Is b prime?
True
Let n(z) = -17086*z - 18. Let l be n(-1). Is 14/(-35